{"id":190,"date":"2016-06-27T14:51:34","date_gmt":"2016-06-27T12:51:34","guid":{"rendered":"https:\/\/www.forumvelden.at\/?page_id=190"},"modified":"2020-02-18T13:42:11","modified_gmt":"2020-02-18T12:42:11","slug":"forum-velden","status":"publish","type":"page","link":"https:\/\/www.forumvelden.at\/de\/forum-velden\/","title":{"rendered":"\u00dcber uns"},"content":{"rendered":"<p>[et_pb_section fb_built=&#8220;1&#8243; admin_label=&#8220;section&#8220; _builder_version=&#8220;3.22&#8243;][et_pb_row column_structure=&#8220;1_4,3_4&#8243; admin_label=&#8220;row&#8220; _builder_version=&#8220;3.25&#8243; background_size=&#8220;initial&#8220; background_position=&#8220;top_left&#8220; background_repeat=&#8220;repeat&#8220;][et_pb_column type=&#8220;1_4&#8243; _builder_version=&#8220;3.25&#8243; custom_padding=&#8220;|||&#8220; custom_padding__hover=&#8220;|||&#8220;][et_pb_text admin_label=&#8220;Text Top&#8220; _builder_version=&#8220;3.27.4&#8243; background_size=&#8220;initial&#8220; background_position=&#8220;top_left&#8220; background_repeat=&#8220;repeat&#8220; use_border_color=&#8220;off&#8220; border_color=&#8220;#ffffff&#8220; border_style=&#8220;solid&#8220;]<\/p>\n<h1 style=\"text-align: center;\">\u00dcBER UNS<\/h1>\n<p>[\/et_pb_text][et_pb_divider color=&#8220;#023e7c&#8220; disabled_on=&#8220;on|on|off&#8220; admin_label=&#8220;Teiler oben&#8220; _builder_version=&#8220;3.23.4&#8243; height=&#8220;3px&#8220; hide_on_mobile=&#8220;on&#8220;][\/et_pb_divider][et_pb_text disabled_on=&#8220;on|off|&#8220; admin_label=&#8220;Text&#8220; module_id=&#8220;#ueber&#8220; _builder_version=&#8220;3.27.4&#8243; background_size=&#8220;initial&#8220; background_position=&#8220;top_left&#8220; background_repeat=&#8220;repeat&#8220; use_border_color=&#8220;off&#8220; border_color=&#8220;#ffffff&#8220; border_style=&#8220;solid&#8220;]<\/p>\n<p style=\"text-align: center;\"><span style=\"font-size: 12pt;\"><a href=\"#team\">TEAM &amp; ORGANISATION<\/a><br \/>\n<a href=\"#initita\">INITIATIVEN<\/a><br \/>\n<a href=\"#partner\">PARTNER<\/a><br \/>\n<a href=\"#kontakt\">KONTAKT<\/a><\/span><\/p>\n<p>[\/et_pb_text][et_pb_divider color=&#8220;#023e7c&#8220; disabled_on=&#8220;on|on|off&#8220; admin_label=&#8220;Teiler unten&#8220; _builder_version=&#8220;3.23.4&#8243; height=&#8220;3px&#8220; hide_on_mobile=&#8220;on&#8220;][\/et_pb_divider][\/et_pb_column][et_pb_column type=&#8220;3_4&#8243; _builder_version=&#8220;3.25&#8243; custom_padding=&#8220;|||&#8220; custom_padding__hover=&#8220;|||&#8220;][et_pb_image src=&#8220;https:\/\/www.forumvelden.at\/wp-content\/uploads\/2016\/06\/AAKF2011_Hahn-1.jpg&#8220; alt=&#8220;Foto&#8220; align_tablet=&#8220;center&#8220; align_phone=&#8220;&#8220; align_last_edited=&#8220;on|desktop&#8220; admin_label=&#8220;Bild speaker&#8220; _builder_version=&#8220;3.23&#8243; animation_style=&#8220;fade&#8220; animation_duration=&#8220;500ms&#8220; use_border_color=&#8220;off&#8220; border_color=&#8220;#ffffff&#8220; border_style=&#8220;solid&#8220; animation=&#8220;fade_in&#8220; sticky=&#8220;off&#8220; always_center_on_mobile=&#8220;on&#8220;][\/et_pb_image][et_pb_text admin_label=&#8220;Text introduction&#8220; module_id=&#8220;ueber&#8220; _builder_version=&#8220;3.27.4&#8243; background_size=&#8220;initial&#8220; background_position=&#8220;top_left&#8220; background_repeat=&#8220;repeat&#8220; use_border_color=&#8220;off&#8220; border_color=&#8220;#ffffff&#8220; border_style=&#8220;solid&#8220;]Das Forum Velden ist 2006 aus der EU-Ratspr\u00e4sidentschaft \u00d6sterreichs entstanden und hat sich seither mit Veranstaltungen wie u.a. dem\u00a0 \u201eAustrian Central and Eastern European Economic Forum \/ CEE-Wirtschaftsforum Velden\u201d zur Plattform f\u00fcr Ost- und S\u00fcdosteuropa (CEE\/SEE) und dem Alpen Adria-Raum entwickelt. Referenten und Teilnehmer sind hochkar\u00e4tige Politiker, internationale Top-Manager, ausgewiesene Experten und Wirtschaftsforscher, namhafte Unternehmen und hochrangige Regierungsdelegationen aus dem CEE- und SEE-Raum. Seit 2007 existieren u.a. Partnervertr\u00e4ge mit Regionen in Russland (Swerdlowsk\/Jekaterinburg), Belarus (Minsk) und der Ukraine (Dnipropetrowsk). Im Juni 2016 wurde auch erstmals unter dem Motto \u201eGrow east\u201c ein China Businessforum erfolgreich veranstaltet.<\/p>\n<p>Geboren wurde die Idee am 30. April 2004 in Ljubljana\/Laibach, am Vorabend der 1. EU-Ost-Erweiterung. Bei dieser traten am 1. Mai 2004 Estland, Lettland, Litauen, Malta, Polen, Slowakei, Slowenien, Tschechien, Ungarn und Zypern der EU bei.<br \/>\n[\/et_pb_text][et_pb_text admin_label=&#8220;Text Orga&#8220; module_id=&#8220;team&#8220; _builder_version=&#8220;3.27.4&#8243; background_size=&#8220;initial&#8220; background_position=&#8220;top_left&#8220; background_repeat=&#8220;repeat&#8220; use_border_color=&#8220;off&#8220; border_color=&#8220;#ffffff&#8220; border_style=&#8220;solid&#8220;]<\/p>\n<hr \/>\n<h2>Team &amp; Organisation<\/h2>\n<p>Die Initiatoren vom Forum Velden sind<br \/>\n[\/et_pb_text][et_pb_team_member name=&#8220;Mag. Walter Prutej&#8220; position=&#8220;Pr\u00e4sident Forum Velden, Gr\u00fcnder&#8220; image_url=&#8220;https:\/\/www.forumvelden.at\/wp-content\/uploads\/2016\/06\/321945_10150383549053687_1414553634_o.jpg&#8220; admin_label=&#8220;Person Walter&#8220; _builder_version=&#8220;3.0.87&#8243; background_size=&#8220;initial&#8220; background_position=&#8220;top_left&#8220; background_repeat=&#8220;repeat&#8220; use_border_color=&#8220;off&#8220; border_color=&#8220;#ffffff&#8220; border_style=&#8220;solid&#8220;][\/et_pb_team_member][et_pb_team_member name=&#8220;Univ.-Prof. Dr. MMag. Gottfried Haber&#8220; position=&#8220;Ehrenpr\u00e4sident Forum Velden, Gr\u00fcndungspr\u00e4sident und Pr\u00e4sident bis 2014&#8243; image_url=&#8220;https:\/\/www.forumvelden.at\/wp-content\/uploads\/2016\/06\/Gottfried-Haber-100c-1024&#215;1024.jpg&#8220; admin_label=&#8220;Person Gottfried&#8220; _builder_version=&#8220;3.0.87&#8243; background_size=&#8220;initial&#8220; background_position=&#8220;top_left&#8220; background_repeat=&#8220;repeat&#8220; use_border_color=&#8220;off&#8220; border_color=&#8220;#ffffff&#8220; border_style=&#8220;solid&#8220;][\/et_pb_team_member][et_pb_text admin_label=&#8220;Text Team&#8220; _builder_version=&#8220;3.27.4&#8243; background_size=&#8220;initial&#8220; background_position=&#8220;top_left&#8220; background_repeat=&#8220;repeat&#8220; use_border_color=&#8220;off&#8220; border_color=&#8220;#ffffff&#8220; border_style=&#8220;solid&#8220;]Das Team vom Forum Velden k\u00fcmmert sich um die Umsetzung der Veranstaltungen und Initiativen.<br \/>\n[\/et_pb_text][et_pb_team_member name=&#8220;Mag. Martin Maitz&#8220; position=&#8220;Organisation &#038; Startups&#8220; image_url=&#8220;https:\/\/www.forumvelden.at\/wp-content\/uploads\/2016\/06\/MM-TdZ-Ossiach-HW-18-Top-3.jpg&#8220; admin_label=&#8220;Person Martin&#8220; _builder_version=&#8220;3.0.87&#8243; background_size=&#8220;initial&#8220; background_position=&#8220;top_left&#8220; background_repeat=&#8220;repeat&#8220; use_border_color=&#8220;off&#8220; border_color=&#8220;#ffffff&#8220; border_style=&#8220;solid&#8220;]E: <a href=\"mailto:office@www.forumvelden.at\">office@forumvelden.at<\/a><br \/>\n[\/et_pb_team_member][et_pb_team_member name=&#8220;Qiu Jiongjun&#8220; position=&#8220;Organisation &#038; Delegationen&#8220; image_url=&#8220;https:\/\/www.forumvelden.at\/wp-content\/uploads\/2016\/06\/Jiongjun.jpg&#8220; disabled_on=&#8220;on|on|on&#8220; admin_label=&#8220;Person Jiongjun&#8220; _builder_version=&#8220;3.0.87&#8243; background_size=&#8220;initial&#8220; background_position=&#8220;top_left&#8220; background_repeat=&#8220;repeat&#8220; use_border_color=&#8220;off&#8220; border_color=&#8220;#ffffff&#8220; border_style=&#8220;solid&#8220; disabled=&#8220;on&#8220;]T: +43 676 78 06 079<br \/>\nE: <a href=\"mailto:qiujiongjun@yahoo.de \">qiujiongjun@yahoo.de <\/a><br \/>\n[\/et_pb_team_member][et_pb_text admin_label=&#8220;Text Verein&#8220; _builder_version=&#8220;3.27.4&#8243; background_size=&#8220;initial&#8220; background_position=&#8220;top_left&#8220; background_repeat=&#8220;repeat&#8220; use_border_color=&#8220;off&#8220; border_color=&#8220;#ffffff&#8220; border_style=&#8220;solid&#8220;]<strong>Verein zur F\u00f6rderung des Forum Velden<\/strong> (gemeinn\u00fctziger Verein)<\/p>\n<p>Informationen folgen in K\u00fcrze.<br \/>\n[\/et_pb_text][\/et_pb_column][\/et_pb_row][et_pb_row column_structure=&#8220;1_4,3_4&#8243; admin_label=&#8220;Zeile&#8220; _builder_version=&#8220;3.25&#8243; background_size=&#8220;initial&#8220; background_position=&#8220;top_left&#8220; background_repeat=&#8220;repeat&#8220;][et_pb_column type=&#8220;1_4&#8243; _builder_version=&#8220;3.25&#8243; custom_padding=&#8220;|||&#8220; custom_padding__hover=&#8220;|||&#8220;][\/et_pb_column][et_pb_column type=&#8220;3_4&#8243; _builder_version=&#8220;3.25&#8243; custom_padding=&#8220;|||&#8220; custom_padding__hover=&#8220;|||&#8220;][et_pb_text admin_label=&#8220;Text Initiativen&#8220; module_id=&#8220;initita&#8220; _builder_version=&#8220;3.27.4&#8243; background_size=&#8220;initial&#8220; background_position=&#8220;top_left&#8220; background_repeat=&#8220;repeat&#8220; use_border_color=&#8220;off&#8220; border_color=&#8220;#ffffff&#8220; border_style=&#8220;solid&#8220;]<\/p>\n<hr \/>\n<h2>Initiativen<\/h2>\n<h4>Veranstaltungen<\/h4>\n<ul>\n<li>CEE-Wirtschaftsforum Velden, seit 2006<\/li>\n<li>Europapreis EUROPAEUS, seit 2009<\/li>\n<li>China Businessforum, seit 2016<\/li>\n<li>Alpen-Adria Kommunalwirtschaftsforum, seit 2009<\/li>\n<li>Ball der Wirtschaft, 2008 und 2009<\/li>\n<li>Gesundheitswirtschaftsforum Velden, 2008<\/li>\n<\/ul>\n<p>&nbsp;<\/p>\n<h4>Service- und Forschungseinrichtungen<\/h4>\n<p>CEE-Kompetenzzentrum, seit 2009\u00a0<a href=\"http:\/\/www.ifsi.at\" target=\"_blank\" rel=\"noopener noreferrer\">www.ifsi.at<\/a><\/p>\n<p>&nbsp;<\/p>\n<h4>Bildungseinrichtungen<\/h4>\n<p>Chinesische Sonntagsschule, seit 2016 <a href=\"http:\/\/www.vdck.at\" target=\"_blank\" rel=\"noopener noreferrer\">www.vdck.at<\/a><br \/>\n[\/et_pb_text][et_pb_text admin_label=&#8220;Text Partner&#8220; module_id=&#8220;partner&#8220; _builder_version=&#8220;3.27.4&#8243; background_size=&#8220;initial&#8220; background_position=&#8220;top_left&#8220; background_repeat=&#8220;repeat&#8220; use_border_color=&#8220;off&#8220; border_color=&#8220;#ffffff&#8220; border_style=&#8220;solid&#8220;]<\/p>\n<hr \/>\n<h2>Partner<\/h2>\n<p><img loading=\"lazy\" decoding=\"async\" class=\"size-medium wp-image-525 aligncenter\" src=\"https:\/\/www.forumvelden.at\/wp-content\/uploads\/2016\/06\/logos_ueber_uns-300x212.jpg\" alt=\"logos_ueber_uns\" width=\"600\" height=\"424\" srcset=\"https:\/\/www.forumvelden.at\/wp-content\/uploads\/2016\/06\/logos_ueber_uns-300x212.jpg 300w, https:\/\/www.forumvelden.at\/wp-content\/uploads\/2016\/06\/logos_ueber_uns-768x543.jpg 768w, https:\/\/www.forumvelden.at\/wp-content\/uploads\/2016\/06\/logos_ueber_uns-1024x724.jpg 1024w, https:\/\/www.forumvelden.at\/wp-content\/uploads\/2016\/06\/logos_ueber_uns-400x284.jpg 400w, https:\/\/www.forumvelden.at\/wp-content\/uploads\/2016\/06\/logos_ueber_uns-1080x764.jpg 1080w\" sizes=\"(max-width: 600px) 100vw, 600px\" \/><br \/>\n[\/et_pb_text][et_pb_text admin_label=&#8220;Text Kontakt&#8220; module_id=&#8220;partner&#8220; _builder_version=&#8220;3.27.4&#8243; background_size=&#8220;initial&#8220; background_position=&#8220;top_left&#8220; background_repeat=&#8220;repeat&#8220; use_border_color=&#8220;off&#8220; border_color=&#8220;#ffffff&#8220; border_style=&#8220;solid&#8220;]<\/p>\n<hr \/>\n<h2>Kontakt<\/h2>\n<p>Forum Velden<br \/>\nWulfengasse 16<br \/>\n9020 Klagenfurt am W\u00f6rthersee, Austria<br \/>\nT: + 43 664 25 28 230<br \/>\nE: office@www.forumvelden.at<br \/>\nW: www.forumvelden.at<\/p>\n<p>&nbsp;<br \/>\n[\/et_pb_text][\/et_pb_column][\/et_pb_row][\/et_pb_section]<\/p>\n","protected":false},"excerpt":{"rendered":"<p>\u00dcBER UNS TEAM &amp; ORGANISATION INITIATIVEN PARTNER KONTAKT Das Forum Velden ist 2006 aus der EU-Ratspr\u00e4sidentschaft \u00d6sterreichs entstanden und hat sich seither mit Veranstaltungen wie u.a. dem\u00a0 \u201eAustrian Central and Eastern European Economic Forum \/ CEE-Wirtschaftsforum Velden\u201d zur Plattform f\u00fcr Ost- und S\u00fcdosteuropa (CEE\/SEE) und dem Alpen Adria-Raum entwickelt. Referenten und Teilnehmer sind hochkar\u00e4tige Politiker, [&hellip;]<\/p>\n","protected":false},"author":2,"featured_media":0,"parent":0,"menu_order":0,"comment_status":"closed","ping_status":"closed","template":"","meta":{"_et_pb_use_builder":"on","_et_pb_old_content":"<p>Forum Velden Seite<\/p>","_et_gb_content_width":"","ngg_post_thumbnail":0,"footnotes":""},"_links":{"self":[{"href":"https:\/\/www.forumvelden.at\/de\/wp-json\/wp\/v2\/pages\/190"}],"collection":[{"href":"https:\/\/www.forumvelden.at\/de\/wp-json\/wp\/v2\/pages"}],"about":[{"href":"https:\/\/www.forumvelden.at\/de\/wp-json\/wp\/v2\/types\/page"}],"author":[{"embeddable":true,"href":"https:\/\/www.forumvelden.at\/de\/wp-json\/wp\/v2\/users\/2"}],"replies":[{"embeddable":true,"href":"https:\/\/www.forumvelden.at\/de\/wp-json\/wp\/v2\/comments?post=190"}],"version-history":[{"count":94,"href":"https:\/\/www.forumvelden.at\/de\/wp-json\/wp\/v2\/pages\/190\/revisions"}],"predecessor-version":[{"id":2134,"href":"https:\/\/www.forumvelden.at\/de\/wp-json\/wp\/v2\/pages\/190\/revisions\/2134"}],"wp:attachment":[{"href":"https:\/\/www.forumvelden.at\/de\/wp-json\/wp\/v2\/media?parent=190"}],"curies":[{"name":"wp","href":"https:\/\/api.w.org\/{rel}","templated":true}]}}

Über uns

<p>[et_pb_section fb_built=&#8220;1&#8243; admin_label=&#8220;section&#8220; _builder_version=&#8220;3.22&#8243;][et_pb_row column_structure=&#8220;1_4,3_4&#8243; admin_label=&#8220;row&#8220; _builder_version=&#8220;3.25&#8243; background_size=&#8220;initial&#8220; background_position=&#8220;top_left&#8220; background_repeat=&#8220;repeat&#8220;][et_pb_column type=&#8220;1_4&#8243; _builder_version=&#8220;3.25&#8243; custom_padding=&#8220;|||&#8220; custom_padding__hover=&#8220;|||&#8220;][et_pb_text admin_label=&#8220;Text Top&#8220; _builder_version=&#8220;3.27.4&#8243; background_size=&#8220;initial&#8220; background_position=&#8220;top_left&#8220; background_repeat=&#8220;repeat&#8220; use_border_color=&#8220;off&#8220; border_color=&#8220;#ffffff&#8220; border_style=&#8220;solid&#8220;]</p>
<h1 style="text-align: center;">ÜBER UNS</h1>
<p>[/et_pb_text][et_pb_divider color=&#8220;#023e7c&#8220; disabled_on=&#8220;on|on|off&#8220; admin_label=&#8220;Teiler oben&#8220; _builder_version=&#8220;3.23.4&#8243; height=&#8220;3px&#8220; hide_on_mobile=&#8220;on&#8220;][/et_pb_divider][et_pb_text disabled_on=&#8220;on|off|&#8220; admin_label=&#8220;Text&#8220; module_id=&#8220;#ueber&#8220; _builder_version=&#8220;3.27.4&#8243; background_size=&#8220;initial&#8220; background_position=&#8220;top_left&#8220; background_repeat=&#8220;repeat&#8220; use_border_color=&#8220;off&#8220; border_color=&#8220;#ffffff&#8220; border_style=&#8220;solid&#8220;]</p>
<p style="text-align: center;"><span style="font-size: 12pt;"><a href="#team">TEAM &amp; ORGANISATION</a><br />
<a href="#initita">INITIATIVEN</a><br />
<a href="#partner">PARTNER</a><br />
<a href="#kontakt">KONTAKT</a></span></p>
<p>[/et_pb_text][et_pb_divider color=&#8220;#023e7c&#8220; disabled_on=&#8220;on|on|off&#8220; admin_label=&#8220;Teiler unten&#8220; _builder_version=&#8220;3.23.4&#8243; height=&#8220;3px&#8220; hide_on_mobile=&#8220;on&#8220;][/et_pb_divider][/et_pb_column][et_pb_column type=&#8220;3_4&#8243; _builder_version=&#8220;3.25&#8243; custom_padding=&#8220;|||&#8220; custom_padding__hover=&#8220;|||&#8220;][et_pb_image src=&#8220;https://www.forumvelden.at/wp-content/uploads/2016/06/AAKF2011_Hahn-1.jpg&#8220; alt=&#8220;Foto&#8220; align_tablet=&#8220;center&#8220; align_phone=&#8220;&#8220; align_last_edited=&#8220;on|desktop&#8220; admin_label=&#8220;Bild speaker&#8220; _builder_version=&#8220;3.23&#8243; animation_style=&#8220;fade&#8220; animation_duration=&#8220;500ms&#8220; use_border_color=&#8220;off&#8220; border_color=&#8220;#ffffff&#8220; border_style=&#8220;solid&#8220; animation=&#8220;fade_in&#8220; sticky=&#8220;off&#8220; always_center_on_mobile=&#8220;on&#8220;][/et_pb_image][et_pb_text admin_label=&#8220;Text introduction&#8220; module_id=&#8220;ueber&#8220; _builder_version=&#8220;3.27.4&#8243; background_size=&#8220;initial&#8220; background_position=&#8220;top_left&#8220; background_repeat=&#8220;repeat&#8220; use_border_color=&#8220;off&#8220; border_color=&#8220;#ffffff&#8220; border_style=&#8220;solid&#8220;]Das Forum Velden ist 2006 aus der EU-Ratspräsidentschaft Österreichs entstanden und hat sich seither mit Veranstaltungen wie u.a. dem  „Austrian Central and Eastern European Economic Forum / CEE-Wirtschaftsforum Velden” zur Plattform für Ost- und Südosteuropa (CEE/SEE) und dem Alpen Adria-Raum entwickelt. Referenten und Teilnehmer sind hochkarätige Politiker, internationale Top-Manager, ausgewiesene Experten und Wirtschaftsforscher, namhafte Unternehmen und hochrangige Regierungsdelegationen aus dem CEE- und SEE-Raum. Seit 2007 existieren u.a. Partnerverträge mit Regionen in Russland (Swerdlowsk/Jekaterinburg), Belarus (Minsk) und der Ukraine (Dnipropetrowsk). Im Juni 2016 wurde auch erstmals unter dem Motto „Grow east“ ein China Businessforum erfolgreich veranstaltet.</p>
<p>Geboren wurde die Idee am 30. April 2004 in Ljubljana/Laibach, am Vorabend der 1. EU-Ost-Erweiterung. Bei dieser traten am 1. Mai 2004 Estland, Lettland, Litauen, Malta, Polen, Slowakei, Slowenien, Tschechien, Ungarn und Zypern der EU bei.<br />
[/et_pb_text][et_pb_text admin_label=&#8220;Text Orga&#8220; module_id=&#8220;team&#8220; _builder_version=&#8220;3.27.4&#8243; background_size=&#8220;initial&#8220; background_position=&#8220;top_left&#8220; background_repeat=&#8220;repeat&#8220; use_border_color=&#8220;off&#8220; border_color=&#8220;#ffffff&#8220; border_style=&#8220;solid&#8220;]</p>
<hr />
<h2>Team &amp; Organisation</h2>
<p>Die Initiatoren vom Forum Velden sind<br />
[/et_pb_text][et_pb_team_member name=&#8220;Mag. Walter Prutej&#8220; position=&#8220;Präsident Forum Velden, Gründer&#8220; image_url=&#8220;https://www.forumvelden.at/wp-content/uploads/2016/06/321945_10150383549053687_1414553634_o.jpg&#8220; admin_label=&#8220;Person Walter&#8220; _builder_version=&#8220;3.0.87&#8243; background_size=&#8220;initial&#8220; background_position=&#8220;top_left&#8220; background_repeat=&#8220;repeat&#8220; use_border_color=&#8220;off&#8220; border_color=&#8220;#ffffff&#8220; border_style=&#8220;solid&#8220;][/et_pb_team_member][et_pb_team_member name=&#8220;Univ.-Prof. Dr. MMag. Gottfried Haber&#8220; position=&#8220;Ehrenpräsident Forum Velden, Gründungspräsident und Präsident bis 2014&#8243; image_url=&#8220;https://www.forumvelden.at/wp-content/uploads/2016/06/Gottfried-Haber-100c-1024&#215;1024.jpg&#8220; admin_label=&#8220;Person Gottfried&#8220; _builder_version=&#8220;3.0.87&#8243; background_size=&#8220;initial&#8220; background_position=&#8220;top_left&#8220; background_repeat=&#8220;repeat&#8220; use_border_color=&#8220;off&#8220; border_color=&#8220;#ffffff&#8220; border_style=&#8220;solid&#8220;][/et_pb_team_member][et_pb_text admin_label=&#8220;Text Team&#8220; _builder_version=&#8220;3.27.4&#8243; background_size=&#8220;initial&#8220; background_position=&#8220;top_left&#8220; background_repeat=&#8220;repeat&#8220; use_border_color=&#8220;off&#8220; border_color=&#8220;#ffffff&#8220; border_style=&#8220;solid&#8220;]Das Team vom Forum Velden kümmert sich um die Umsetzung der Veranstaltungen und Initiativen.<br />
[/et_pb_text][et_pb_team_member name=&#8220;Mag. Martin Maitz&#8220; position=&#8220;Organisation &#038; Startups&#8220; image_url=&#8220;https://www.forumvelden.at/wp-content/uploads/2016/06/MM-TdZ-Ossiach-HW-18-Top-3.jpg&#8220; admin_label=&#8220;Person Martin&#8220; _builder_version=&#8220;3.0.87&#8243; background_size=&#8220;initial&#8220; background_position=&#8220;top_left&#8220; background_repeat=&#8220;repeat&#8220; use_border_color=&#8220;off&#8220; border_color=&#8220;#ffffff&#8220; border_style=&#8220;solid&#8220;]E: <a href="mailto:office@www.forumvelden.at">office@forumvelden.at</a><br />
[/et_pb_team_member][et_pb_team_member name=&#8220;Qiu Jiongjun&#8220; position=&#8220;Organisation &#038; Delegationen&#8220; image_url=&#8220;https://www.forumvelden.at/wp-content/uploads/2016/06/Jiongjun.jpg&#8220; disabled_on=&#8220;on|on|on&#8220; admin_label=&#8220;Person Jiongjun&#8220; _builder_version=&#8220;3.0.87&#8243; background_size=&#8220;initial&#8220; background_position=&#8220;top_left&#8220; background_repeat=&#8220;repeat&#8220; use_border_color=&#8220;off&#8220; border_color=&#8220;#ffffff&#8220; border_style=&#8220;solid&#8220; disabled=&#8220;on&#8220;]T: +43 676 78 06 079<br />
E: <a href="mailto:qiujiongjun@yahoo.de ">qiujiongjun@yahoo.de </a><br />
[/et_pb_team_member][et_pb_text admin_label=&#8220;Text Verein&#8220; _builder_version=&#8220;3.27.4&#8243; background_size=&#8220;initial&#8220; background_position=&#8220;top_left&#8220; background_repeat=&#8220;repeat&#8220; use_border_color=&#8220;off&#8220; border_color=&#8220;#ffffff&#8220; border_style=&#8220;solid&#8220;]<strong>Verein zur Förderung des Forum Velden</strong> (gemeinnütziger Verein)</p>
<p>Informationen folgen in Kürze.<br />
[/et_pb_text][/et_pb_column][/et_pb_row][et_pb_row column_structure=&#8220;1_4,3_4&#8243; admin_label=&#8220;Zeile&#8220; _builder_version=&#8220;3.25&#8243; background_size=&#8220;initial&#8220; background_position=&#8220;top_left&#8220; background_repeat=&#8220;repeat&#8220;][et_pb_column type=&#8220;1_4&#8243; _builder_version=&#8220;3.25&#8243; custom_padding=&#8220;|||&#8220; custom_padding__hover=&#8220;|||&#8220;][/et_pb_column][et_pb_column type=&#8220;3_4&#8243; _builder_version=&#8220;3.25&#8243; custom_padding=&#8220;|||&#8220; custom_padding__hover=&#8220;|||&#8220;][et_pb_text admin_label=&#8220;Text Initiativen&#8220; module_id=&#8220;initita&#8220; _builder_version=&#8220;3.27.4&#8243; background_size=&#8220;initial&#8220; background_position=&#8220;top_left&#8220; background_repeat=&#8220;repeat&#8220; use_border_color=&#8220;off&#8220; border_color=&#8220;#ffffff&#8220; border_style=&#8220;solid&#8220;]</p>
<hr />
<h2>Initiativen</h2>
<h4>Veranstaltungen</h4>
<ul>
<li>CEE-Wirtschaftsforum Velden, seit 2006</li>
<li>Europapreis EUROPAEUS, seit 2009</li>
<li>China Businessforum, seit 2016</li>
<li>Alpen-Adria Kommunalwirtschaftsforum, seit 2009</li>
<li>Ball der Wirtschaft, 2008 und 2009</li>
<li>Gesundheitswirtschaftsforum Velden, 2008</li>
</ul>
<p>&nbsp;</p>
<h4>Service- und Forschungseinrichtungen</h4>
<p>CEE-Kompetenzzentrum, seit 2009 <a href="http://www.ifsi.at" target="_blank" rel="noopener noreferrer">www.ifsi.at</a></p>
<p>&nbsp;</p>
<h4>Bildungseinrichtungen</h4>
<p>Chinesische Sonntagsschule, seit 2016 <a href="http://www.vdck.at" target="_blank" rel="noopener noreferrer">www.vdck.at</a><br />
[/et_pb_text][et_pb_text admin_label=&#8220;Text Partner&#8220; module_id=&#8220;partner&#8220; _builder_version=&#8220;3.27.4&#8243; background_size=&#8220;initial&#8220; background_position=&#8220;top_left&#8220; background_repeat=&#8220;repeat&#8220; use_border_color=&#8220;off&#8220; border_color=&#8220;#ffffff&#8220; border_style=&#8220;solid&#8220;]</p>
<hr />
<h2>Partner</h2>
<p><img loading="lazy" decoding="async" class="size-medium wp-image-525 aligncenter" src="https://www.forumvelden.at/wp-content/uploads/2016/06/logos_ueber_uns-300x212.jpg" alt="logos_ueber_uns" width="600" height="424" srcset="https://www.forumvelden.at/wp-content/uploads/2016/06/logos_ueber_uns-300x212.jpg 300w, https://www.forumvelden.at/wp-content/uploads/2016/06/logos_ueber_uns-768x543.jpg 768w, https://www.forumvelden.at/wp-content/uploads/2016/06/logos_ueber_uns-1024x724.jpg 1024w, https://www.forumvelden.at/wp-content/uploads/2016/06/logos_ueber_uns-400x284.jpg 400w, https://www.forumvelden.at/wp-content/uploads/2016/06/logos_ueber_uns-1080x764.jpg 1080w" sizes="(max-width: 600px) 100vw, 600px" /><br />
[/et_pb_text][et_pb_text admin_label=&#8220;Text Kontakt&#8220; module_id=&#8220;partner&#8220; _builder_version=&#8220;3.27.4&#8243; background_size=&#8220;initial&#8220; background_position=&#8220;top_left&#8220; background_repeat=&#8220;repeat&#8220; use_border_color=&#8220;off&#8220; border_color=&#8220;#ffffff&#8220; border_style=&#8220;solid&#8220;]</p>
<hr />
<h2>Kontakt</h2>
<p>Forum Velden<br />
Wulfengasse 16<br />
9020 Klagenfurt am Wörthersee, Austria<br />
T: + 43 664 25 28 230<br />
E: office@www.forumvelden.at<br />
W: www.forumvelden.at</p>
<p>&nbsp;<br />
[/et_pb_text][/et_pb_column][/et_pb_row][/et_pb_section]</p>

<p>ÜBER UNS TEAM &amp; ORGANISATION INITIATIVEN PARTNER KONTAKT Das Forum Velden ist 2006 aus der EU-Ratspräsidentschaft Österreichs entstanden und hat sich seither mit Veranstaltungen wie u.a. dem  „Austrian Central and Eastern European Economic Forum / CEE-Wirtschaftsforum Velden” zur Plattform für Ost- und Südosteuropa (CEE/SEE) und dem Alpen Adria-Raum entwickelt. Referenten und Teilnehmer sind hochkarätige Politiker, [&hellip;]</p>
