{"id":2341,"date":"2024-06-17T10:50:38","date_gmt":"2024-06-17T08:50:38","guid":{"rendered":"https:\/\/www.forumvelden.at\/?page_id=2341"},"modified":"2024-09-27T14:55:59","modified_gmt":"2024-09-27T12:55:59","slug":"europaforum","status":"publish","type":"page","link":"https:\/\/www.forumvelden.at\/de\/europaforum\/","title":{"rendered":"Europa Forum 2024"},"content":{"rendered":"<p>[et_pb_section fb_built=&#8220;1&#8243; admin_label=&#8220;section&#8220; _builder_version=&#8220;4.16&#8243; global_colors_info=&#8220;{}&#8220;][et_pb_row column_structure=&#8220;1_4,3_4&#8243; admin_label=&#8220;row&#8220; _builder_version=&#8220;4.16&#8243; background_size=&#8220;initial&#8220; background_position=&#8220;top_left&#8220; background_repeat=&#8220;repeat&#8220; global_colors_info=&#8220;{}&#8220;][et_pb_column type=&#8220;1_4&#8243; _builder_version=&#8220;4.16&#8243; custom_padding=&#8220;|||&#8220; global_colors_info=&#8220;{}&#8220; custom_padding__hover=&#8220;|||&#8220;][et_pb_number_counter title=&#8220;Juli 2024&#8243; number=&#8220;12&#8243; percent_sign=&#8220;off&#8220; counter_color=&#8220;#7EBEC5&#8243; admin_label=&#8220;Z\u00e4hler&#8220; _builder_version=&#8220;4.25.2&#8243; background_size=&#8220;initial&#8220; background_position=&#8220;top_left&#8220; background_repeat=&#8220;repeat&#8220; hover_enabled=&#8220;0&#8243; use_border_color=&#8220;off&#8220; border_color=&#8220;#ffffff&#8220; border_style=&#8220;solid&#8220; global_colors_info=&#8220;{}&#8220; sticky_enabled=&#8220;0&#8243;]&nbsp;<br \/>\n[\/et_pb_number_counter][et_pb_divider color=&#8220;#023e7c&#8220; disabled_on=&#8220;on|on|off&#8220; admin_label=&#8220;Teiler oben&#8220; _builder_version=&#8220;4.16&#8243; height=&#8220;3px&#8220; hide_on_mobile=&#8220;on&#8220; global_colors_info=&#8220;{}&#8220;]&nbsp;<br \/>\n[\/et_pb_divider][\/et_pb_column][et_pb_column type=&#8220;3_4&#8243; _builder_version=&#8220;4.16&#8243; custom_padding=&#8220;|||&#8220; global_colors_info=&#8220;{}&#8220; custom_padding__hover=&#8220;|||&#8220;][et_pb_image src=&#8220;https:\/\/www.forumvelden.at\/wp-content\/uploads\/2024\/06\/01-Einladung_Europa-Forum_FV_20240614.jpg&#8220; align_tablet=&#8220;center&#8220; align_phone=&#8220;&#8220; align_last_edited=&#8220;on|desktop&#8220; disabled_on=&#8220;on||&#8220; admin_label=&#8220;Bild&#8220; _builder_version=&#8220;4.25.2&#8243; animation_style=&#8220;fade&#8220; animation_duration=&#8220;500ms&#8220; hover_enabled=&#8220;0&#8243; animation=&#8220;fade_in&#8220; sticky=&#8220;off&#8220; use_border_color=&#8220;off&#8220; border_color=&#8220;#ffffff&#8220; border_style=&#8220;solid&#8220; always_center_on_mobile=&#8220;on&#8220; global_colors_info=&#8220;{}&#8220; title_text=&#8220;01 Einladung_Europa Forum_FV_20240614&#8243; sticky_enabled=&#8220;0&#8243;]&nbsp;<br \/>\n[\/et_pb_image][et_pb_text admin_label=&#8220;Text Einleitung&#8220; module_id=&#8220;forum&#8220; _builder_version=&#8220;4.16&#8243; background_size=&#8220;initial&#8220; background_position=&#8220;top_left&#8220; background_repeat=&#8220;repeat&#8220; use_border_color=&#8220;off&#8220; border_color=&#8220;#ffffff&#8220; border_style=&#8220;solid&#8220; global_colors_info=&#8220;{}&#8220;]<\/p>\n<h1 class=\"entry-title\"><strong>Europa Forum mit EU-Kommissar Johannes Hahn<\/strong><\/h1>\n<h3 class=\"entry-title\">12.07.2024, P\u00f6rtschach am W\u00f6rthersee, see:PORT<\/h3>\n<p>&nbsp;<\/p>\n<p><strong>Programm:<\/strong><\/p>\n<p>14:00 Uhr &#8211; Empfang und Netzwerken<\/p>\n<p>14:30 Uhr &#8211; Begr\u00fc\u00dfung und Er\u00f6ffnung<\/p>\n<p>14:45 Uhr &#8211; Keynote EU-Kommissar Johannes Hahn mit LH Peter Kaiser und WKK-\u00a0 \u00a0 \u00a0 \u00a0 \u00a0 \u00a0 \u00a0 \u00a0 \u00a0 \u00a0 \u00a0Pr\u00e4sident J\u00fcrgen Mandl<\/p>\n<p>15:15 Uhr &#8211; Diskussion &#8211; EU-Kommissar Johannes Hahn mit LH Peter Kaiser und\u00a0 \u00a0 \u00a0 \u00a0 \u00a0 \u00a0 \u00a0 \u00a0 \u00a0 \u00a0 \u00a0 \u00a0 \u00a0WKK-Pr\u00e4sident J\u00fcrgen Mandl<\/p>\n<p>16:00 Uhr &#8211; Netzwerken<\/p>\n<p>Bitte melden Sie sich bis Montag 08. Juli. 2024 per E-Mail an: <a href=\"mailto:office@forumvelden.at\">office@forumvelden.at<\/a> an. Begrenzte Teilnehmerzahl!<\/p>\n<p>&nbsp;<\/p>\n<p>[\/et_pb_text][et_pb_button button_url=&#8220;https:\/\/www.forumvelden.at\/wp-content\/uploads\/2024\/09\/Einladung_Europa-Forum_FV_20240614_web.pdf&#8220; url_new_window=&#8220;on&#8220; button_text=&#8220;Einladung&#8220; button_alignment=&#8220;left&#8220; disabled_on=&#8220;off|off|off&#8220; admin_label=&#8220;Taste Anmeldung&#8220; module_id=&#8220;euro_anmelden&#8220; _builder_version=&#8220;4.25.2&#8243; custom_button=&#8220;on&#8220; button_border_width=&#8220;0&#8243; button_icon_color=&#8220;#023e7c&#8220; background_layout=&#8220;dark&#8220; hover_enabled=&#8220;0&#8243; button_text_color_hover=&#8220;#023e7c&#8220; button_letter_spacing_hover=&#8220;0&#8243; global_colors_info=&#8220;{}&#8220; button_text_size__hover_enabled=&#8220;off&#8220; button_one_text_size__hover_enabled=&#8220;off&#8220; button_two_text_size__hover_enabled=&#8220;off&#8220; button_text_color__hover_enabled=&#8220;on&#8220; button_text_color__hover=&#8220;#023e7c&#8220; button_one_text_color__hover_enabled=&#8220;off&#8220; button_two_text_color__hover_enabled=&#8220;off&#8220; button_border_width__hover_enabled=&#8220;off&#8220; button_one_border_width__hover_enabled=&#8220;off&#8220; button_two_border_width__hover_enabled=&#8220;off&#8220; button_border_color__hover_enabled=&#8220;off&#8220; button_one_border_color__hover_enabled=&#8220;off&#8220; button_two_border_color__hover_enabled=&#8220;off&#8220; button_border_radius__hover_enabled=&#8220;off&#8220; button_one_border_radius__hover_enabled=&#8220;off&#8220; button_two_border_radius__hover_enabled=&#8220;off&#8220; button_letter_spacing__hover_enabled=&#8220;on&#8220; button_letter_spacing__hover=&#8220;0&#8243; button_one_letter_spacing__hover_enabled=&#8220;off&#8220; button_two_letter_spacing__hover_enabled=&#8220;off&#8220; button_bg_color__hover_enabled=&#8220;off&#8220; button_one_bg_color__hover_enabled=&#8220;off&#8220; button_two_bg_color__hover_enabled=&#8220;off&#8220; sticky_enabled=&#8220;0&#8243;]&nbsp;<br \/>\n[\/et_pb_button][\/et_pb_column][\/et_pb_row][\/et_pb_section]<\/p>\n","protected":false},"excerpt":{"rendered":"<p>&nbsp; &nbsp; &nbsp; Europa Forum mit EU-Kommissar Johannes Hahn 12.07.2024, P\u00f6rtschach am W\u00f6rthersee, see:PORT &nbsp; Programm: 14:00 Uhr &#8211; Empfang und Netzwerken 14:30 Uhr &#8211; Begr\u00fc\u00dfung und Er\u00f6ffnung 14:45 Uhr &#8211; Keynote EU-Kommissar Johannes Hahn mit LH Peter Kaiser und WKK-\u00a0 \u00a0 \u00a0 \u00a0 \u00a0 \u00a0 \u00a0 \u00a0 \u00a0 \u00a0 \u00a0Pr\u00e4sident J\u00fcrgen Mandl 15:15 Uhr [&hellip;]<\/p>\n","protected":false},"author":5,"featured_media":0,"parent":0,"menu_order":0,"comment_status":"closed","ping_status":"closed","template":"","meta":{"_et_pb_use_builder":"on","_et_pb_old_content":"","_et_gb_content_width":"","ngg_post_thumbnail":0,"footnotes":""},"_links":{"self":[{"href":"https:\/\/www.forumvelden.at\/de\/wp-json\/wp\/v2\/pages\/2341"}],"collection":[{"href":"https:\/\/www.forumvelden.at\/de\/wp-json\/wp\/v2\/pages"}],"about":[{"href":"https:\/\/www.forumvelden.at\/de\/wp-json\/wp\/v2\/types\/page"}],"author":[{"embeddable":true,"href":"https:\/\/www.forumvelden.at\/de\/wp-json\/wp\/v2\/users\/5"}],"replies":[{"embeddable":true,"href":"https:\/\/www.forumvelden.at\/de\/wp-json\/wp\/v2\/comments?post=2341"}],"version-history":[{"count":4,"href":"https:\/\/www.forumvelden.at\/de\/wp-json\/wp\/v2\/pages\/2341\/revisions"}],"predecessor-version":[{"id":2613,"href":"https:\/\/www.forumvelden.at\/de\/wp-json\/wp\/v2\/pages\/2341\/revisions\/2613"}],"wp:attachment":[{"href":"https:\/\/www.forumvelden.at\/de\/wp-json\/wp\/v2\/media?parent=2341"}],"curies":[{"name":"wp","href":"https:\/\/api.w.org\/{rel}","templated":true}]}}

<p>[et_pb_section fb_built=&#8220;1&#8243; admin_label=&#8220;section&#8220; _builder_version=&#8220;4.16&#8243; global_colors_info=&#8220;{}&#8220;][et_pb_row column_structure=&#8220;1_4,3_4&#8243; admin_label=&#8220;row&#8220; _builder_version=&#8220;4.16&#8243; background_size=&#8220;initial&#8220; background_position=&#8220;top_left&#8220; background_repeat=&#8220;repeat&#8220; global_colors_info=&#8220;{}&#8220;][et_pb_column type=&#8220;1_4&#8243; _builder_version=&#8220;4.16&#8243; custom_padding=&#8220;|||&#8220; global_colors_info=&#8220;{}&#8220; custom_padding__hover=&#8220;|||&#8220;][et_pb_number_counter title=&#8220;Juli 2024&#8243; number=&#8220;12&#8243; percent_sign=&#8220;off&#8220; counter_color=&#8220;#7EBEC5&#8243; admin_label=&#8220;Zähler&#8220; _builder_version=&#8220;4.25.2&#8243; background_size=&#8220;initial&#8220; background_position=&#8220;top_left&#8220; background_repeat=&#8220;repeat&#8220; hover_enabled=&#8220;0&#8243; use_border_color=&#8220;off&#8220; border_color=&#8220;#ffffff&#8220; border_style=&#8220;solid&#8220; global_colors_info=&#8220;{}&#8220; sticky_enabled=&#8220;0&#8243;]&nbsp;<br />
[/et_pb_number_counter][et_pb_divider color=&#8220;#023e7c&#8220; disabled_on=&#8220;on|on|off&#8220; admin_label=&#8220;Teiler oben&#8220; _builder_version=&#8220;4.16&#8243; height=&#8220;3px&#8220; hide_on_mobile=&#8220;on&#8220; global_colors_info=&#8220;{}&#8220;]&nbsp;<br />
[/et_pb_divider][/et_pb_column][et_pb_column type=&#8220;3_4&#8243; _builder_version=&#8220;4.16&#8243; custom_padding=&#8220;|||&#8220; global_colors_info=&#8220;{}&#8220; custom_padding__hover=&#8220;|||&#8220;][et_pb_image src=&#8220;https://www.forumvelden.at/wp-content/uploads/2024/06/01-Einladung_Europa-Forum_FV_20240614.jpg&#8220; align_tablet=&#8220;center&#8220; align_phone=&#8220;&#8220; align_last_edited=&#8220;on|desktop&#8220; disabled_on=&#8220;on||&#8220; admin_label=&#8220;Bild&#8220; _builder_version=&#8220;4.25.2&#8243; animation_style=&#8220;fade&#8220; animation_duration=&#8220;500ms&#8220; hover_enabled=&#8220;0&#8243; animation=&#8220;fade_in&#8220; sticky=&#8220;off&#8220; use_border_color=&#8220;off&#8220; border_color=&#8220;#ffffff&#8220; border_style=&#8220;solid&#8220; always_center_on_mobile=&#8220;on&#8220; global_colors_info=&#8220;{}&#8220; title_text=&#8220;01 Einladung_Europa Forum_FV_20240614&#8243; sticky_enabled=&#8220;0&#8243;]&nbsp;<br />
[/et_pb_image][et_pb_text admin_label=&#8220;Text Einleitung&#8220; module_id=&#8220;forum&#8220; _builder_version=&#8220;4.16&#8243; background_size=&#8220;initial&#8220; background_position=&#8220;top_left&#8220; background_repeat=&#8220;repeat&#8220; use_border_color=&#8220;off&#8220; border_color=&#8220;#ffffff&#8220; border_style=&#8220;solid&#8220; global_colors_info=&#8220;{}&#8220;]</p>
<h1 class="entry-title"><strong>Europa Forum mit EU-Kommissar Johannes Hahn</strong></h1>
<h3 class="entry-title">12.07.2024, Pörtschach am Wörthersee, see:PORT</h3>
<p>&nbsp;</p>
<p><strong>Programm:</strong></p>
<p>14:00 Uhr &#8211; Empfang und Netzwerken</p>
<p>14:30 Uhr &#8211; Begrüßung und Eröffnung</p>
<p>14:45 Uhr &#8211; Keynote EU-Kommissar Johannes Hahn mit LH Peter Kaiser und WKK-                     Präsident Jürgen Mandl</p>
<p>15:15 Uhr &#8211; Diskussion &#8211; EU-Kommissar Johannes Hahn mit LH Peter Kaiser und                         WKK-Präsident Jürgen Mandl</p>
<p>16:00 Uhr &#8211; Netzwerken</p>
<p>Bitte melden Sie sich bis Montag 08. Juli. 2024 per E-Mail an: <a href="mailto:office@forumvelden.at">office@forumvelden.at</a> an. Begrenzte Teilnehmerzahl!</p>
<p>&nbsp;</p>
<p>[/et_pb_text][et_pb_button button_url=&#8220;https://www.forumvelden.at/wp-content/uploads/2024/09/Einladung_Europa-Forum_FV_20240614_web.pdf&#8220; url_new_window=&#8220;on&#8220; button_text=&#8220;Einladung&#8220; button_alignment=&#8220;left&#8220; disabled_on=&#8220;off|off|off&#8220; admin_label=&#8220;Taste Anmeldung&#8220; module_id=&#8220;euro_anmelden&#8220; _builder_version=&#8220;4.25.2&#8243; custom_button=&#8220;on&#8220; button_border_width=&#8220;0&#8243; button_icon_color=&#8220;#023e7c&#8220; background_layout=&#8220;dark&#8220; hover_enabled=&#8220;0&#8243; button_text_color_hover=&#8220;#023e7c&#8220; button_letter_spacing_hover=&#8220;0&#8243; global_colors_info=&#8220;{}&#8220; button_text_size__hover_enabled=&#8220;off&#8220; button_one_text_size__hover_enabled=&#8220;off&#8220; button_two_text_size__hover_enabled=&#8220;off&#8220; button_text_color__hover_enabled=&#8220;on&#8220; button_text_color__hover=&#8220;#023e7c&#8220; button_one_text_color__hover_enabled=&#8220;off&#8220; button_two_text_color__hover_enabled=&#8220;off&#8220; button_border_width__hover_enabled=&#8220;off&#8220; button_one_border_width__hover_enabled=&#8220;off&#8220; button_two_border_width__hover_enabled=&#8220;off&#8220; button_border_color__hover_enabled=&#8220;off&#8220; button_one_border_color__hover_enabled=&#8220;off&#8220; button_two_border_color__hover_enabled=&#8220;off&#8220; button_border_radius__hover_enabled=&#8220;off&#8220; button_one_border_radius__hover_enabled=&#8220;off&#8220; button_two_border_radius__hover_enabled=&#8220;off&#8220; button_letter_spacing__hover_enabled=&#8220;on&#8220; button_letter_spacing__hover=&#8220;0&#8243; button_one_letter_spacing__hover_enabled=&#8220;off&#8220; button_two_letter_spacing__hover_enabled=&#8220;off&#8220; button_bg_color__hover_enabled=&#8220;off&#8220; button_one_bg_color__hover_enabled=&#8220;off&#8220; button_two_bg_color__hover_enabled=&#8220;off&#8220; sticky_enabled=&#8220;0&#8243;]&nbsp;<br />
[/et_pb_button][/et_pb_column][/et_pb_row][/et_pb_section]</p>

<p>&nbsp; &nbsp; &nbsp; Europa Forum mit EU-Kommissar Johannes Hahn 12.07.2024, Pörtschach am Wörthersee, see:PORT &nbsp; Programm: 14:00 Uhr &#8211; Empfang und Netzwerken 14:30 Uhr &#8211; Begrüßung und Eröffnung 14:45 Uhr &#8211; Keynote EU-Kommissar Johannes Hahn mit LH Peter Kaiser und WKK-                     Präsident Jürgen Mandl 15:15 Uhr [&hellip;]</p>
